is 2572 (base 13) in base 12?
3104
Convert 2797 (base 16) to base 13.
47c8
What is 1101312 (base 5) in base 2?
100101000001101
What is -8759 (base 10) in base 6?
-104315
What is 11244 (base 5) in base 14?
42c
26e (base 15) to base 5
4204
Convert -27321 (base 8) to base 4.
-2323101
Convert 27b4 (base 12) to base 14.
1968
447 (base 14) to base 5
11342
11000101000 (base 2) to base 5
22301
-1433113 (base 6) to base 10
-82341
Convert -412 (base 13) to base 4.
-22303
What is 29 (base 10) in base 3?
1002
-7491 (base 11) to base 5
-304101
Convert -1976 (base 13) to base 12.
-225b
What is 2c71 (base 15) in base 12?
5644
What is -102455 (base 8) in base 16?
-852d
Convert 420d (base 16) to base 14.
623b
What is 5994 (base 10) in base 8?
13552
What is -4c60 (base 14) in base 11?
-a093
93eb (base 15) to base 7
160112
What is de (base 16) in base 6?
1010
What is 1224400 (base 5) in base 6?
301501
Convert 13001102 (base 4) to base 7.
146555
What is -1110 (base 3) in base 6?
-103
What is -9268 (base 11) in base 3?
-121212101
Convert 11011110111 (base 2) to base 12.
1047
Convert -6686 (base 9) to base 2.
-1001101001010
Convert -807 (base 13) to base 6.
-10143
Convert -10011101001 (base 2) to base 4.
-103221
What is 130414 (base 5) in base 11?
3925
Convert 101110100001110 (base 2) to base 9.
35608
What is -583 (base 12) in base 6?
-3443
4d5 (base 14) to base 15
44b
-1153 (base 13) to base 14
-c5c
What is 33 (base 5) in base 7?
24
-1617 (base 8) to base 4
-32033
Convert -4ec4 (base 15) to base 13.
-787c
-221122 (base 3) to base 10
-692
What is 178 (base 11) in base 14?
10a
Convert 20253 (base 9) to base 8.
32024
What is 520 (base 13) in base 3?
1012021
448 (base 10) to base 13
286
Convert 1049 (base 12) to base 8.
3371
What is 4352 (base 7) in base 10?
1556
What is 3512 (base 9) in base 3?
10120102
What is -1625 (base 8) in base 3?
-1020222
Convert c661 (base 13) to base 4.
12231001
a9 (base 13) to base 15
94
What is 11322203 (base 4) in base 2?
101111010100011
Convert 257271 (base 8) to base 15.
1b90a
-1478 (base 9) to base 6
-5112
What is -310410 (base 5) in base 14?
-397b
Convert -101101001000 (base 2) to base 9.
-3858
6f05 (base 16) to base 14
a501
What is -24c6c (base 13) in base 2?
-10000100110111100
Convert 511 (base 14) to base 2.
1111100011
Convert 113a0 (base 12) to base 8.
54750
Convert -210012221 (base 3) to base 14.
-58cd
-1022020101 (base 3) to base 15
-7927
What is -10216 (base 7) in base 10?
-2512
202010 (base 5) to base 2
1100101101001
Convert -126 (base 8) to base 5.
-321
What is -120040 (base 5) in base 10?
-4395
Convert 122464 (base 7) to base 4.
11200021
Convert 6558 (base 15) to base 14.
7b6a
Convert -334 (base 13) to base 8.
-1046
Convert 12567 (base 8) to base 4.
1111313
-1100111010 (base 2) to base 16
-33a
-101000110110 (base 2) to base 11
-1a67
What is -3544 (base 7) in base 8?
-2432
Convert -10010101000000 (base 2) to base 4.
-2111000
Convert 693a (base 12) to base 11.
8886
Convert -5835 (base 9) to base 5.
-114300
Convert -33c (base 13) to base 4.
-20232
What is 1242 (base 5) in base 2?
11000101
Convert -1000111101001 (base 2) to base 4.
-1013221
Convert a933 (base 11) to base 8.
34143
Convert -6470 (base 10) to base 7.
-24602
What is 13fe (base 16) in base 8?
11776
Convert -372 (base 9) to base 16.
-134
14234 (base 7) to base 14
15c4
3202 (base 4) to base 9
271
322045 (base 6) to base 16
670d
-1101111110 (base 2) to base 7
-2415
Convert -a795 (base 11) to base 12.
-8305
Convert 22110 (base 3) to base 6.
1020
Convert 5534 (base 10) to base 12.
3252
2125 (base 8) to base 4
101111
What is 760 (base 8) in base 4?
13300
26 (base 9) to base 7
33
Convert 1010010110 (base 2) to base 14.
354
Convert 1b6 (base 16) to base 11.
369
Convert bb61 (base 13) to base 8.
62771
Convert -1572 (base 10) to base 7.
-4404
-131332 (base 4) to base 12
-113a
Convert -7611 (base 8) to base 12.
-2375
Convert 52041 (base 7) to base 13.
5a36
-2210121 (base 3) to base 6
-13241
What is -13431 (base 8) in base 15?
-1b43
Convert 3dc6 (base 16) to base 2.
11110111000110
Convert 65d6 (base 14) to base 9.
26161
-96d (base 16) to base 11
-18a4
What is -103 (base 5) in base 4?
-130
Convert 141 (base 10) to base 14.
a1
116 (base 7) to base 11
57
What is 4408 (base 16) in base 2?
100010000001000
151511 (base 7) to base 16
72e0
13313001 (base 4) to base 16
7dc1
What is -1122112 (base 3) in base 12?
-842
What is 1211120 (base 5) in base 8?
54204
Convert 1600 (base 8) to base 5.
12041
What is -1132 (base 6) in base 11?
-228
-117 (base 8) to base 7
-142
Convert 115403 (base 6) to base 12.
5b63
-30303 (base 5) to base 10
-1953
12122 (base 4) to base 16
19a
What is 267 (base 13) in base 2?
110100111
Convert -b2 (base 15) to base 8.
-247
What is -341466 (base 7) in base 5?
-3414422
Convert -15532 (base 13) to base 3.
-2001110111
Convert -866 (base 9) to base 16.
-2c4
-44620 (base 8) to base 12
-aa94
-41 (base 7) to base 9
-32
927 (base 10) to base 2
1110011111
What is -33155 (base 6) in base 12?
-27bb
485e (base 15) to base 7
62603
-184 (base 11) to base 13
-135
What is -27 (base 13) in base 6?
-53
What is -458b (base 15) in base 4?
-3212210
Convert -2719 (base 10) to base 5.
-41334
What is -27d6 (base 15) in base 8?
-20516
-16704 (base 8) to base 16
-1dc4
Convert -1112440 (base 6) to base 10.
-56328
What is 1001011100100 (base 2) in base 16?
12e4
What is 1111200011 (base 3) in base 11?
20305
What is -a84 (base 11) in base 12?
-906
2613 (base 7) to base 15
460
Convert -71cc (base 15) to base 11.
-17077
715a (base 12) to base 14
46b4
What is -165 (base 8) in base 11?
-a7
Convert 2384 (base 13) to base 3.
20212112
What is a90 (base 12) in base 16?
60c
Convert 330 (base 15) to base 6.
3200
What is 12200121 (base 4) in base 14?
99d7
What is -10020222 (base 3) in base 12?
-145b
Convert 89 (base 13) to base 10.
113
-9969 (base 12) to base 2
-100001000100001
What is -3303010 (base 4) in base 3?
-210100011
What is 5703 (base 9) in base 10?
4215
What is -3567 (base 10) in base 6?
-24303
-2553 (base 7) to base 10
-969
26755 (base 8) to base 11
8919
Convert -2311 (base 4) to base 9.
-221
-3362 (base 8) to base 13
-a6a
Convert 4783 (base 15) to base 6.
154210
Convert -2110022 (base 3) to base 16.
-6fe
Convert -363 (base 13) to base 7.
-1500
51a (base 13) to base 6
4004
Convert -2212 (base 5) to base 8.
-463
What is -46602 (base 7) in base 16?
-2eb6
What is -31522 (base 8) in base 3?
-200000121
What is -49b (base 13) in base 2?
-1100100100
What is -1002 (base 6) in base 7?
-431
2820 (base 12) to base 15
158c
-4037 (base 8) to base 16
-81f
7ab (base 14) to base 15
6b8
3060 (base 11) to base 16
fdb
-33660 (base 10) to base 12
-17590
Convert -8340 (base 12) to base 10.
-14304
What is 4605 (base 7) in base 9?
2256
What is c15 (base 15) in base 8?
5240
Convert -12201120 (base 4) to base 6.
-323400
What is 453 (base 7) in base 2?
11101010
4301 (base 7) to base 3
2002022
Convert -121031 (base 4) to base 14.
-833
Convert 434041 (base 5) to base 6.
152544
Convert -4302 (base 6) to base 15.
-44e
What is -582 (base 10) in base 13?
-35a
Convert 20 (base 15) to base 6.
50
Convert -105a (base 15) to base 10.
-3460
Convert -34 (base 11) to base 3.
-1101
What is 12309 (base 10) in base 5?
343214
What is -219 (base 11) in base 8?
-406
What is -94d (base 16) in base 14?
-c21
1a9 (base 11) to base 2
11110000
What is a97 (base 12) in base 2?
11000010011
1011110010 (base 2) to base 16
2f2
22809 (base 11) to base 15
9b4b
Convert -241252 (base 6) to base 11.
-14902
-2051 (base 12) to base 8
-6675
Convert -2980 (base 11) to base 14.
-1583
-637 (base 12) to base 9
-1217
-288 (base 14) to base 16
-200
-2180 (base 9) to base 6
-11243
Convert -2404 (base 5) to base 11.
-2a2
-1215 (base 9) to base 13
-548
Convert -298 (base 11) to base 16.
-15d
2042a (base 11) to base 10
29798
Convert -2a2 (base 11) to base 3.
-111010
3a4 (base 11) to base 4
13131
Convert 232013 (base 4) to base 2.
101110000111
Convert 10524 (base 10) to base 3.
112102210
Convert -1e57 (base 16) to base 4.
-1321113
Convert 23000 (base 4) to base 16.
2c0
-1145 (base 8) to base 7
-1534
241352 (base 6) to base 12
10258
Convert -200340 (base 6) to base 9.
-23456
What is -2a0 (base 15) in base 11?
-4a6
Convert 1080 (base 9) to base 8.
1441
Convert -321 (b